t b(r) = r**3 - 27*r**2 + 187*r - 105. Calculate b(15).
0
Let h(o) = 4635*o - 1223639. Determine h(264).
1
Let j(y) = 128*y + 49785. What is j(-389)?
-7
Let i(o) = 2*o**3 - 6*o**2 - 3*o + 83. Give i(4).
103
Let y(b) = 156*b + 1166. What is y(-25)?
-2734
Let q(l) = -15090*l - 21110904. Determine q(-1399).
6
Let m(t) = -2*t**3 - 89*t**2 - 67*t - 572. Give m(-44).
440
Let z(l) = -45*l**2 + 21675*l + 7771. Give z(482).
541
Let t(i) = -40*i**3 - 637*i**2 - 11*i - 727. Calculate t(-16).
217
Let d(z) = 10*z**3 + 859*z**2 - 3*z + 7143. Determine d(-86).
5
Let k(l) = l**3 - 251*l**2 + 1020*l - 7908. Give k(247).
-4
Let g(d) = 3848*d + 119672. Determine g(-31).
384
Let k(z) = -z**3 + 9*z**2 + 60*z - 159. Determine k(6).
309
Let m(w) = 448*w + 244. Calculate m(-4).
-1548
Let p(g) = -191*g**3 + 9*g**2 + 20*g - 19. Calculate p(-2).
1505
Let v(c) = -905*c**2 - 1251*c + 18. Give v(-2).
-1100
Let a(f) = f**3 - 130*f**2 + 363*f + 968. Calculate a(127).
-1318
Let n(z) = 450451*z - 3603592. What is n(8)?
16
Let q(m) = 784*m - 27133. What is q(35)?
307
Let v(r) = 3*r**2 - 2321*r + 11531. What is v(5)?
1
Let i(s) = 2*s**3 + 174*s**2 + 529*s + 247. Calculate i(-84).
-1853
Let n(s) = -821*s + 60735. Give n(74).
-19
Let f(m) = m**3 + 475*m**2 + 1381*m + 429915. Calculate f(-474).
-3
Let k(b) = -2*b**3 - 171*b**2 + 440*b + 141. Calculate k(-88).
141
Let w(x) = -4*x**3 + 301*x**2 + 1941*x + 12. Calculate w(-6).
66
Let z(y) = 745*y**2 + 5187*y + 7. Give z(-7).
203
Let c(j) = j**3 + 170*j**2 + 1905*j + 1087. Calculate c(-158).
-335
Let m(x) = 11441*x - 57101. Determine m(5).
104
Let o(a) = -a**2 + 1627158*a - 14644343. Calculate o(9).
-2
Let r(x) = -40337*x + 40336. Calculate r(1).
-1
Let v(j) = 2*j**3 + 99*j**2 + 1116*j - 74. Calculate v(-32).
54
Let r(l) = 4169*l - 25019. Determine r(6).
-5
Let l(y) = -2*y**2 - 130*y + 1376. What is l(-77)?
-472
Let h(y) = 3*y**2 - 197*y - 3039. Determine h(-13).
29
Let w(h) = -442496*h - 442563. What is w(-1)?
-67
Let l(p) = -883*p + 25366. Give l(29).
-241
Let s(h) = 3*h**2 - 78*h + 1521. Give s(17).
1062
Let q(z) = z**3 + 15*z**2 - 60*z - 9. What is q(-14)?
1027
Let y(u) = 7*u**2 - 48*u + 538. Determine y(16).
1562
Let l(v) = -12*v**2 - 1525*v + 12211. Give l(8).
-757
Let x(o) = 355*o**3 + o**2 + 17*o - 43. Give x(2).
2835
Let j(y) = 848*y + 21006. Calculate j(-25).
-194
Let b(z) = 26*z**2 + 315*z - 1. Give b(-11).
-320
Let f(r) = -6354*r + 1785475. Give f(281).
1
Let q(f) = -1413*f - 308150. Calculate q(-218).
-116
Let t(z) = 78*z + 2666. What is t(-32)?
170
Let q(z) = 8444*z + 1773238. Determine q(-210).
-2
Let u(k) = -21*k**3 + 6*k**2 - 8*k - 54. Calculate u(-4).
1418
Let v(x) = -x**3 - 11*x**2 + 289*x + 3181. Determine v(-12).
-143
Let c(y) = 67764*y + 3930311. Determine c(-58).
-1
Let t(f) = 2*f**3 + 12440*f**2 - 162043*f - 191. Calculate t(13).
4
Let r(g) = -14*g**3 - 159*g**2 - 319*g - 156. Give r(-9).
42
Let u(n) = 96*n**2 - 13655*n - 67182. Give u(147).
-3
Let a(m) = -446*m - 48379. What is a(-108)?
-211
Let b(u) = -57651*u - 4266168. Determine b(-74).
6
Let w(y) = 459*y - 4587. Calculate w(11).
462
Let m(j) = 2*j**2 + 471*j + 8387. Give m(-217).
358
Let r(b) = -b**3 - 101*b**2 - 2112*b + 3074. Give r(-32).
2
Let g(l) = 693*l + 70431. Determine g(-97).
3210
Let u(v) = 30*v**3 - 50*v**2 + v + 3. Calculate u(4).
1127
Let i(r) = 15*r**2 - 215*r - 783. Give i(-3).
-3
Let g(k) = -k**3 + 33*k**2 - 2132*k + 67207. Calculate g(32).
7
Let f(r) = 444*r - 2286. Calculate f(5).
-66
Let a(m) = 62*m + 8291. What is a(-57)?
4757
Let q(d) = 153312*d + 3986086. What is q(-26)?
-26
Let r(s) = 393046*s - 786046. What is r(2)?
46
Let y(p) = 176*p + 11858. Calculate y(-70).
-462
Let r(z) = -z**2 - 2335*z - 53115. What is r(-23)?
61
Let c(j) = -j**2 - 20*j + 28576. What is c(-179)?
115
Let g(h) = 47*h**2 - 10*h - 15. Calculate g(-2).
193
Let b(a) = -7*a**3 + 1679*a**2 + 28927*a + 246. What is b(256)?
-10
Let a(p) = 303*p - 868. Give a(3).
41
Let b(a) = -2991*a + 74805. Determine b(25).
30
Let x(q) = -335*q - 8037. Determine x(-25).
338
Let q(z) = 180576*z - 2528059. Calculate q(14).
5
Let p(x) = -898*x + 44902. Calculate p(50).
2
Let w(v) = v**2 + 79116*v - 553857. What is w(7)?
4
Let w(s) = 176*s - 29061. What is w(165)?
-21
Let s(v) = -564*v + 11074. Determine s(20).
-206
Let k(d) = -21*d**2 + 9178*d + 8664. Determine k(438).
-96
Let r(g) = -1206*g + 86833. Give r(72).
1
Let i(l) = l**3 - 60*l**2 + 123*l + 717. What is i(57)?
-2019
Let y(k) = 329*k + 194481. Give y(-591).
42
Let h(s) = -s**3 + 106*s**2 + 19689*s + 346. Give h(203).
-60
Let c(f) = 9*f**3 - 2*f**2 + 107*f - 594. Calculate c(5).
1016
Let x(g) = -2950*g - 6257. Calculate x(-2).
-357
Let i(a) = -3*a**2 - 17093*a + 68425. Determine i(4).
5
Let m(u) = 23386*u - 24. Give m(0).
-24
Let m(s) = -9653*s - 106186. Calculate m(-11).
-3
Let s(a) = -1102864*a - 3308605. Give s(-3).
-13
Let m(p) = 14*p**3 + 122*p**2 + 373*p + 15. What is m(-3)?
-384
Let s(a) = -13988*a + 391657. What is s(28)?
-7
Let f(j) = 2*j**3 - 37*j**2 + 515*j - 11901. Determine f(21).
1119
Let y(d) = -d**3 - 69*d**2 - 1011*d - 525. Determine y(-47).
-1606
Let g(z) = 6*z**2 - 24551*z - 344819. Calculate g(-14).
71
Let s(n) = -n**2 - 997*n + 12. Give s(0).
12
Let f(u) = -27511*u + 466810. Determine f(17).
-877
Let m(k) = -10448*k - 83572. Determine m(-8).
12
Let f(m) = -88864*m + 622062. Give f(7).
14
Let d(o) = 81851*o - 818502. Calculate d(10).
8
Let h(x) = -28205*x + 84697. Give h(3).
82
Let v(p) = -5*p**2 + 1077*p - 1471. Calculate v(214).
27
Let m(j) = -j**2 + 108*j + 11503. Determine m(175).
-222
Let l(j) = -231*j**2 + 6903*j + 709. Calculate l(30).
-101
Let w(d) = 2*d**2 + 222*d + 5839. Determine w(-64).
-177
Let s(n) = 129*n**3 - 134*n**2 - 78*n + 79. Calculate s(1).
-4
Let s(l) = 2592*l - 165873. Determine s(64).
15
Let i(a) = -296*a - 3143. Give i(-5).
-1663
Let i(c) = 3*c**3 + 1039*c**2 + 385*c + 13504. Determine i(-346).
10
Let i(x) = -1115*x + 36315. Calculate i(31).
1750
Let i(q) = q**3 - 123*q**2 + 1043*q - 1326. What is i(114)?
612
Let r(s) = -680*s + 3551. Determine r(5).
151
Let q(o) = o**3 + 6*o**2 + 182*o + 1296. Give q(-7).
-27
Let j(w) = 3*w**3 + 160*w**2 - 192*w - 4523. Give j(-54).
13
Let l(m) = -m**3 + 20*m**2 - 6260*m + 112027. Give l(18).
-5
Let h(s) = -s**2 + 151*s + 66. What is h(0)?
66
Let z(p) = 2406*p - 8350. Give z(4).
1274
Let z(v) = -593*v + 14803. Calculate z(25).
-22
Let y(q) = 113*q + 8373. Determine y(-77).
-328
Let o(n) = 231*n - 10666. Determine o(47).
191
Let s(t) = 197*t**2 + 15*t + 28. Determine s(-2).
786
Let o(b) = -6*b**2 - 289*b + 144. Calculate o(-35).
2909
Let g(b) = -102856*b - 719843. Determine g(-7).
149
Let i(q) = -q**2 - 107*q + 1723. Calculate i(25).
-1577
Let g(l) = -23069*l + 230621. Give g(10).
-69
Let r(g) = 10*g**3 - g**2 + 31*g - 79. Calculate r(-6).
-2461
Let i(t) = 765*t + 324. Calculate i(-2).
-1206
Let j(i) = -5*i**2 - 6376*i + 38310. Determine j(6).
-126
Let n(z) = -2*z**2 - 64768*z + 388679. Determine n(6).
-1
Let t(n) = n**3 - 61*n**2 - 235*n - 6221. Give t(66).
49
Let r(z) = 77664*z - 466037. Give r(6).
-53
Let m(y) = -14*y**2 - 7*y + 242. Give m(9).
-955
Let x(v) = v**3 + 294*v**2 - 848*v - 118. What is x(3)?
11
Let w(o) = -81167*o - 162622. Determine w(-2).
-288
Let z(p) = 2*p**3 + 818*p**2 + 58330*p + 191. Give z(-92).
7
Let y(l) = 774*l - 5711. Give y(7).
-293
Let x(h) = h**3 - 105*h**2 + 26*h + 577. Calculate x(105).
3307
Let q(t) = t**2 + 436*t + 44898. What is q(-167)?
-25
Let n(k) = 366*k**2 - 373*k - 2208. Give n(-2).
2
Let k(g) = -g**2 - 181*g - 5306. Calculate k(-145).
-86
Let y(t) = 2*t**2 - 1443*t - 10063. Determine y(-7).
136
Let s(x) = 1139264*x + 6835625. Give s(-6).
41
Let c(j) = -j**3 - 121*j**2 + 941*j - 392. What is c(7)?
-77
Let u(k) = -23*k**2 - 3239*k + 499. What is u(-141)?
-65
Let x(m) = m**2 + 634*m + 29401. What is x(-50)?
201
Let a(o) = 2*o**2 + 255*o - 96485. Give a(165).
40
Let n(l) = l**3 + 315*l**2 + 843*l - 315. Determine n(-3).
-36
Let u(t) = 14*t**3 + 2*t**2 - 15*t + 39. Calculate u(3).
390
Let i(x) = -16168*x + 30821. Calculate i(2).
-1515
Let r(x) = 16*x**2 + 4407*x + 6288. What is r(-274)?
-14
Let b(v) = -1714*v + 245103. Determine b(143).
1
Let c(y) = y**3 + 24*y**2 - 59*y - 242. Calculate c(4).
-30
Let b(p) = 